f(t) = t - 6. Let m be (12/18)/(2/6). Suppose 16 = m*y + 2*y. Determine f(y).
-2
Let b(n) be the third derivative of n**6/120 - n**5/30 - n**4/12 + n**3/2 + 6*n**2. What is b(2)?
-1
Let c(a) = a**2 + 6*a - 5. Let y be c(-7). Let z(n) = 2*n**3 + 4*n**2 + n + 1. Let r(g) = 3*g**3 + 5*g**2 + g + 2. Let l(h) = 3*r(h) - 4*z(h). Determine l(y).
4
Let d(l) be the first derivative of -l**4/4 - l**3/3 + l**2/2 - 4*l - 11. Determine d(0).
-4
Let f(z) = -z**3 - 4*z**2 + 4*z - 7. Suppose -v = -j - 5, -2*v + 0*j - 2 = 4*j. Let a = 8 - 5. Suppose -a*m = 12 + v. Give f(m).
-2
Let j(h) = 6*h - 2. Let d be j(2). Suppose 0 = 4*a - d + 2. Let k(l) = 3 - l**a - 3 - 4*l. Calculate k(-3).
3
Let m(g) = g + 5. Suppose -5*q + q = -16. Let h = 0 - q. Determine m(h).
1
Let j(a) = a**3 + 5*a**2 + 4*a + 4. Let t be 2/(-4) - (-117)/(-6). Let r = 46 + t. Suppose 5*m + r = 6. Calculate j(m).
4
Let w(j) be the first derivative of -j**3/3 - 3*j**2 + 8*j - 38. Calculate w(-7).
1
Let r(i) be the second derivative of i**4/12 + i**3/3 - i**2 + i. Let u(c) = 4*c**2 - 1. Let h be u(-1). Let n = h + -6. Determine r(n).
1
Let s(k) be the second derivative of 3*k**2 - 1/6*k**3 + 3*k + 0. Suppose 4*z + 3*x - 26 = 0, 4*z + x - 2 = 20. Determine s(z).
1
Let r = 47 - 44. Let a = 5 + -2. Suppose -r*f + 6 = a. Let b(g) = -4*g**2 - 2*g + 1. Give b(f).
-5
Let u(f) = -f**3 + 6*f**2 + f - 4. Suppose 0 = 6*d - 7*d + 6. Calculate u(d).
2
Let u = -12 - -23. Suppose u*l - 6*l + 2*z - 17 = 0, -z = -3*l + 19. Suppose 15 = 3*n, l*r = 2*n + n - 25. Let v(s) = s**3 - 2. Determine v(r).
-10
Let k(c) = -4*c + 1. Let x(n) = -n**2 - 8*n - 2. Let s be x(-7). Let o be (s - 1)/(2 - 0). Calculate k(o).
-7
Let l(u) = -7*u - 4 + 0*u + 10*u + 2*u**2 + 0*u. What is l(-3)?
5
Let o(r) = 2*r**2 + 0*r**2 + 0*r**2 + r. Suppose -2*g - 8 = 5*w + 40, -5*w = -3*g + 28. Let u be (w/(-28))/((-2)/(-14)). Give o(u).
10
Let c(d) be the second derivative of d**3/3 + 2*d**2 + 2*d. Let t(i) = -i + 3. Let k be t(0). Suppose k*a - 2*a + 5 = 0. What is c(a)?
-6
Let n be (-2)/6 + 74/6. Suppose -24 = 5*s - 2*k, n = s - 2*s + 4*k. Let g(t) = -t**2 - 3*t + 3. What is g(s)?
-1
Let d(y) = y + 5. Let n = -4 + 9. Let w = -8 - -6. Let l(q) = 3*q + 10. Let b(i) = n*d(i) + w*l(i). Give b(0).
5
Let n(f) = -f**3 + 4*f**2 - 3*f. Let k(b) = 3 - 7*b + 0*b**2 - 5 - b**2. Let w be k(-6). Suppose 2*m - w = -0*m. Determine n(m).
2
Let r(o) = o**2 + 2*o. Let f be r(-3). Suppose -2*i = -7 + 1. Let w(x) = i - x + x + x + x**f. What is w(0)?
3
Let m(q) = -2*q - 20. Let l be m(-6). Let a(d) = d**3 + 7*d**2 - 8*d - 2. What is a(l)?
-2
Let r be 7/4 - (-1)/4. Let j be (-3)/6*r + 0. Let h(q) = -4*q**2 + 2*q + 1. Give h(j).
-5
Suppose 6*b - 2*b = -c - 28, b - 10 = 4*c. Let x(i) = -i**3 - 7*i**2 - 6*i + 6. Let f be x(b). Let v(h) = h + 2. Calculate v(f).
8
Let i be (-6)/3 + (3 - 0). Let j(k) = -3*k**2 + 4*k - 5. Let s(x) = 0*x**2 + 1 + 0*x + x**2 - x. Let u(g) = i*j(g) + 4*s(g). Determine u(-2).
3
Let r(c) = 3 - 8*c**2 + 7*c**2 + 0*c + 7*c + 2*c. Calculate r(9).
3
Let w(d) = 3 + 23*d**2 - 22*d**2 + 8*d - 3*d. Give w(-4).
-1
Let t(v) be the third derivative of -v**5/60 - v**4/24 - 2*v**3/3 + 10*v**2. What is t(3)?
-16
Let m(q) = -q**3 + 7*q - 4*q - 13 + 10 - 3*q**2. Determine m(-3).
-12
Let y(z) = 46*z + 6*z**2 - 2 + z**3 + 55*z - 96*z. Let o be -4 + (-1 - -2) + -2. Determine y(o).
-2
Let j(c) = -2*c**2 - 9*c - 17. Let w(i) = -i**2 - 5*i - 9. Let k(u) = -6*j(u) + 11*w(u). Calculate k(0).
3
Let r(k) = -k**2 + 5*k - 4. Let j(q) = -9*q. Let n be j(1). Let p = n - -5. Let s = 8 + p. Determine r(s).
0
Let u(n) = 2 - 1 - 110*n + 63*n + n**2 + 54*n. Give u(-6).
-5
Let z(b) = b**2 + 3*b + 3. Let u(s) = 3*s**3 - 2*s**2 + 1. Let x = -3 + 4. Let g be u(x). Suppose g*p = p - 4. What is z(p)?
7
Let z(x) = -x**3 + 7*x**2 - 12*x + 6. Let t(f) = -f**3 + 7*f**2 - 11*f + 5. Let y(c) = -6*t(c) + 5*z(c). Calculate y(6).
0
Let g(o) = o**2 + 5. Let m(u) = u**2. Suppose -3*j + 3 = -3. Let x be m(j). Suppose x*q = -4*z + 5*q + 3, 6 = -2*q. Determine g(z).
5
Suppose -x + 10 = 4*i, -5*i - 6 + 38 = -2*x. Let k(o) = o**2 + 4*o - 5. Calculate k(x).
7
Let t(a) be the third derivative of -a**4/6 + a**3/6 - a**2. Let s be t(-1). Let k(d) = -d + 4. What is k(s)?
-1
Suppose -39 = -6*m - 27. Let j(u) = 2*u**3 - 3*u**2 + 2*u - 1. Calculate j(m).
7
Let x(t) = t**3 + 5*t**2 - 5*t - 2. Let w(s) = -s**3 + 12*s**2 - 11*s - 5. Let g be w(11). Let d be 31/g - (-3)/15. What is x(d)?
-8
Suppose 2*b - 5*t = 14 - 0, 1 = 5*b - 4*t. Let a(y) be the first derivative of -y**4/4 - 5*y**3/3 - 2*y**2 + 10. Calculate a(b).
-6
Suppose -34 = -4*v + 4*a + a, 18 = 2*v - 3*a. Let f(q) be the third derivative of -q**4/24 + q**3 + q**2. Determine f(v).
0
Let s(z) = 8*z**2 - 10*z + 1. Let o(q) = -3*q**2 + 3*q. Let l(j) = 11*o(j) + 4*s(j). Give l(-7).
4
Suppose -m - 10 = -4*b, 0*m + 2*m = 4*b - 12. Let n(j) be the second derivative of 1/3*j**3 + j**2 + 0*j**4 + j + 0 + 1/20*j**5. Calculate n(m).
-10
Let c(j) = -10*j + 5. Let r be c(0). Let l(x) = -x**3 + 6*x**2 - 4*x + 3. Give l(r).
8
Let w = -34 + 36. Let g(h) = 3*h + 1. What is g(w)?
7
Let s(p) = -p - 11 + 11. What is s(-3)?
3
Let z(y) be the first derivative of -y**2/2 - 2*y - 13. Determine z(4).
-6
Suppose 0 = 5*u + 5*n + 5, 5*n = -4*u + 2*u + 13. Let i(z) = 4 - 5*z**2 + z**3 - 3*z**3 + z**3 + 7*z. Determine i(u).
-2
Let v = 44 + -51. Let x(b) = b + 3. Determine x(v).
-4
Let p(c) = -3*c - 3. Let j(i) = 4*i**2 + 3*i - 3. Let u be j(0). Calculate p(u).
6
Let l be (-15)/(-21) - (-2)/7. Let q(g) = 6*g - 1. Give q(l).
5
Let g(o) = 120*o - 2 - 120*o - o**2. Calculate g(-2).
-6
Let l = -22 + 8. Let y be ((-8)/(-14))/((-4)/l). Let q(a) = a**2 - 2 - y*a + 3*a - 2*a + 3*a. Calculate q(-2).
-2
Let r = 19 + -18. Let t(p) = p**3 - 3*p**2 + p. Determine t(r).
-1
Let j(u) be the third derivative of -u**6/120 - u**5/60 + u**4/24 - u**3/6 - 9*u**2. Determine j(1).
-2
Let g(x) = -3*x + 7. Let h(a) = -5*a + 10. Let j(f) = 7*g(f) - 5*h(f). Determine j(-1).
-5
Let r(y) = -4*y**2 + 3*y. Let f(d) = 11*d**2 - 8*d - 1. Let o(c) = -3*f(c) - 8*r(c). Give o(0).
3
Let w(d) be the third derivative of -d**6/120 + d**4/8 - d**3/6 + d**2. Let q be (2 - 4) + (-10)/2. Let l = 9 + q. Give w(l).
-3
Let c(i) be the second derivative of 2*i**3/3 + 2*i**2 - 9*i. Let x be c(-2). Let f(y) = 4*y + 6. Give f(x).
-10
Let f(q) = q**2 + q. Suppose 3 = 4*m + 7. Let g(l) = -2*l - 1. Let d(j) = m*f(j) + g(j). Give d(-2).
1
Let b(h) be the first derivative of -h**5/10 - h**4/4 - h**3/3 - h**2 - 3*h + 1. Let g(v) be the first derivative of b(v). Calculate g(-2).
6
Let v(l) be the first derivative of l**2/2 + l + 10. Give v(4).
5
Let c(i) = -2*i - 9. Let k = -15 - -36. Let v be (8 + -6)*k/(-6). What is c(v)?
5
Let x be (2/(-4))/(5/110). Let c(n) = -3*n**3 + 5*n**2 + 14 - 7*n**3 + 2*n**3. Let w(s) = -3*s**3 + 2*s**2 + 5. Let y(z) = x*w(z) + 4*c(z). What is y(-1)?
-2
Let u = -10 + 18. Let j be (u/5)/((-8)/20). Let i(w) = -w - 4. Give i(j).
0
Let a(h) = 18*h**3 + 1. Let q(d) = 2*d**3 + 4*d**2 + d - 2. Let c be q(-2). Let g(i) = -17*i**3 - 1. Let b(o) = c*g(o) - 3*a(o). Calculate b(-1).
-13
Let c(x) = x**2 - x - 3. Let i be c(-2). Let f(r) = -2 + 2*r - i*r + 2*r. Give f(1).
-1
Let k = 16 - 16. Let u(l) = 3*l**3 + 3*l**2 - 4*l - 10. Let y(j) = 2*j**2 - j - 2*j + 4*j**3 - 9 - 2*j**3. Let t(f) = 3*u(f) - 4*y(f). What is t(k)?
6
Let f(r) = r + 5. Let l be f(-5). Let i = 5 - 4. Let m(b) = l*b - 4*b - i + 3*b. Calculate m(1).
-2
Let v = 0 - 4. Let c(j) be the third derivative of 1/24*j**4 + 0*j + 0 - 1/3*j**3 + j**2. Determine c(v).
-6
Let z(u) be the third derivative of -u**4/24 + u**3/2 + 6*u**2. Determine z(4).
-1
Let d be (-3)/(-1) + -3 - -6. Let b(n) = -n + 2. Let c be b(d). Let z(w) = -2*w + 2. Let i(v) = 2*v - 2. Let q(t) = -4*i(t) - 3*z(t). Determine q(c).
10
Suppose -20 = 4*t, 0 = -2*z - 2*t - 10 + 2. Let r(i) = -i + z - 6 - 2. Calculate r(-6).
-1
Let k be -1 + (-2)/(-4)*6. Let x(z) = -k*z + 5*z - 3*z + z - 1. Suppose 5*y - 10 = 4*m, -4*y + 0*y = -4*m - 12. What is x(y)?
-3
Let s(k) = -6*k. Let v be s(-5). Let i be ((-1)/(-2))/((-3)/v). Let j(q) = q**3 + 2 - 4 + 5*q**2 + q**2 + 5*q. Give j(i).
-2
Let f(b) = b. Let d be f(3). Let w(s) = -2*s**2 + s - 5 - 2*s**3 + 3*s**d + 6*s**2 + 2*s**2. What is w(-6)?
-11
Suppose 5*z + 15 